628789 a prime number?
True
Is 1120489 prime?
False
Is 17632711 composite?
False
Is 8558059 composite?
True
Is 1023719 composite?
False
Is 3548593 a prime number?
True
Is 30261563 a composite number?
False
Is 162671501 a composite number?
False
Is 21312427 composite?
False
Is 152318087 a composite number?
False
Is 224455889 a composite number?
True
Is 6992507 composite?
False
Is 3886751 composite?
True
Is 11385613 a prime number?
True
Is 546283709 a prime number?
True
Is 17887141 composite?
False
Is 25664599 composite?
False
Is 1209877 composite?
False
Is 16286099 composite?
True
Is 753547 prime?
True
Is 26609119 prime?
True
Is 9452317 a prime number?
False
Is 4038379 a composite number?
False
Is 2898091 composite?
True
Is 365411 a composite number?
False
Is 14498203 a prime number?
False
Is 336305 a prime number?
False
Is 37524077 composite?
False
Is 1027591 a prime number?
True
Is 3986393 composite?
False
Is 7360603 a composite number?
True
Is 11039879 a prime number?
True
Is 4598623 a prime number?
True
Is 27828797 a composite number?
False
Is 280073917 a composite number?
True
Is 8857367 a prime number?
True
Is 14561411 a prime number?
True
Is 9520523 composite?
False
Is 21889733 a prime number?
False
Is 211083622 a prime number?
False
Is 3885521 composite?
False
Is 19499521 composite?
False
Is 17499997 a composite number?
False
Is 41406523 a prime number?
False
Is 51661 a prime number?
False
Is 33480241 prime?
True
Is 84582007 composite?
False
Is 20762519 a composite number?
False
Is 1683979 a prime number?
False
Is 120151 a prime number?
False
Is 6600563 a prime number?
False
Is 154341797 a composite number?
False
Is 9436459 a prime number?
True
Is 955739 a prime number?
False
Is 646470287 a composite number?
True
Is 15394543 a composite number?
True
Is 63741697 prime?
False
Is 1431907 prime?
True
Is 233033533 prime?
False
Is 27058799 a prime number?
True
Is 6635407 a prime number?
True
Is 486145081 prime?
True
Is 3181649 prime?
False
Is 605383 a composite number?
True
Is 53702681 prime?
True
Is 12215897 composite?
False
Is 44254883 a prime number?
True
Is 16773149 a composite number?
False
Is 7698961 prime?
True
Is 14626423 composite?
True
Is 31620233 prime?
False
Is 7682951 a prime number?
True
Is 37945795 a prime number?
False
Is 6031283 a composite number?
False
Is 96858757 composite?
False
Is 705583 a prime number?
False
Is 66167029 prime?
True
Is 213143 composite?
True
Is 4387829 a prime number?
True
Is 2344627 prime?
True
Is 342170843 prime?
False
Is 28088429 prime?
False
Is 244188623 a composite number?
True
Is 2323661 composite?
True
Is 95225297 prime?
True
Is 22645569 composite?
True
Is 27409351 prime?
True
Is 96372869 a prime number?
True
Is 34789789 a prime number?
True
Is 23442937 a prime number?
False
Is 1406771 a prime number?
True
Is 159784951 prime?
False
Is 140106761 prime?
True
Is 778853137 a prime number?
True
Is 6468559 composite?
False
Is 248687147 composite?
True
Is 93563441 prime?
False
Is 210067999 composite?
False
Is 3389341 a composite number?
True
Is 18160647 prime?
False
Is 3287741 a composite number?
True
Is 12290233 prime?
True
Is 158077 composite?
False
Is 704477 a composite number?
False
Is 2808781 composite?
True
Is 499872223 a prime number?
True
Is 91827971 composite?
False
Is 37942921 a prime number?
False
Is 17861153 a composite number?
True
Is 34673039 a composite number?
True
Is 70210109 composite?
False
Is 3006497 composite?
True
Is 798347 a composite number?
True
Is 1198081 a composite number?
False
Is 4883909 prime?
False
Is 54404551 composite?
True
Is 3129677 a prime number?
True
Is 35356241 composite?
False
Is 91574177 composite?
False
Is 3100843 prime?
True
Is 75090889 prime?
False
Is 183378641 prime?
False
Is 104773 prime?
True
Is 261847 a composite number?
False
Is 1210523 prime?
True
Is 4074117 a prime number?
False
Is 187991179 a prime number?
True
Is 2229853 prime?
True
Is 167996717 a prime number?
False
Is 734317 composite?
True
Is 118373141 composite?
False
Is 608291 a composite number?
True
Is 220674763 a composite number?
False
Is 407346139 a prime number?
True
Is 453434429 a prime number?
False
Is 165540581 prime?
True
Is 117197503 composite?
False
Is 15303899 composite?
True
Is 31799279 prime?
False
Is 302733749 composite?
True
Is 292499 prime?
False
Is 16197223 a composite number?
True
Is 243769469 a composite number?
False
Is 44026329 prime?
False
Is 87082 composite?
True
Is 414693407 prime?
True
Is 7657087 prime?
False
Is 32901107 a prime number?
True
Is 14299 composite?
True
Is 694780693 a prime number?
True
Is 33302317 a composite number?
True
Is 139995463 a prime number?
False
Is 8351309 a prime number?
False
Is 39593483 a prime number?
False
Is 267947681 a composite number?
True
Is 43364143 composite?
False
Is 7029929 a prime number?
True
Is 146012173 prime?
False
Is 964165 a composite number?
True
Is 11908669 composite?
False
Is 12664879 prime?
False
Is 52249 composite?
False
Is 3556733 composite?
False
Is 58339535 a composite number?
True
Is 1017269 prime?
False
Is 172548619 prime?
True
Is 119756159 a composite number?
False
Is 22105183 composite?
True
Is 91278511 composite?
False
Is 380207 prime?
True
Is 171371 prime?
False
Is 24790945 a prime number?
False
Is 1032363019 prime?
True
Is 1155653 prime?
True
Is 16416637 a composite number?
False
Is 515116727 prime?
True
Is 4166287 a composite number?
False
Is 190181293 composite?
False
Is 39443929 composite?
True
Is 545329 a composite number?
False
Is 2835265 composite?
True
Is 589224943 a composite number?
False
Is 4872817 a composite number?
False
Is 2690591 a composite number?
True
Is 3244661 prime?
False
Is 49177159 a prime number?
True
Is 3912367 a composite number?
False
Is 93906451 a composite number?
False
Is 4007239 a prime number?
True
Is 2957683 a prime number?
True
Is 4120301 composite?
False
Is 11264433 prime?
False
Is 35316271 prime?
False
Is 287321471 prime?
False
Is 26774689 a prime number?
True
Is 17683999 a composite number?
True
Is 6105179 a composite number?
False
Is 51746927 a composite number?
True
Is 23305961 composite?
True
Is 266739601 a composite number?
False
Is 107149222 a prime number?
False
Is 79493989 a composite number?
True
Is 2422997 prime?
True
Is 2992201 composite?
False
Is 6852058 a prime number?
False
Is 51886049 composite?
False
Is 2096557 a composite number?
True
Is 3753109 a composite number?
False
Is 70454179 a prime number?
False
Is 31499387 a composite number?
False
Is 5199871 composite?
True
Is 64195619 composite?
False
Is 8953627 a prime number?
False
Is 57061 prime?
False
Is 10490131 composite?
True
Is 803341795 composite?
True
Is 1627573 prime?
True
Is 19221529 prime?
True
Is 37474763 composite?
True
Is 87446291 a composite number?
True
Is 35885327 composite?
False
Is 2721701 a composite number?
False
Is 108505 composite?
True
Is 441605 composite?
True
Is 357217 a composite number?
True
Is 18088163 a composite number?
False
Is 6006353 composite?
True
Is 1579387967 a composite number?
False
Is 17387341 prime?
True
Is 5327177 composite?
True
Is 49298149 a composite number?
False
Is 1038797 a composite number?
False
Is 9454765 composite?
True
Is 39397 a prime number?
True
Is 31294999 a prime number?
True
Is 3892123 a composite number?
False
Is 7687057 a prime number?
False
Is 1163443474 composite?
True
Is 790351 prime?
True
Is 4027463 a prime number?
False
Is 982327 a composite number?
True
Is 4355231 a composite number?
False
Is 3806501 prime?
True
Is 102568793 a composite number?
True
Is 14966977 a composite number?
False
Is 72619 composite?
True
Is 48751 a prime number?
True
Is 1992361 a composite number?
True
Is 173806289 a composite number?
True
Is 491767 composite?
True
Is 9456211 a composite number?
True
Is 9745647 a composite number?
True
Is 166208849 composite?
False
Is 10181009 prime?
False
Is 174912074 a composite number?
True
Is 470870183 a composite number?
True
Is 8560859 prime?
True
Is 126144033 prime?
False
Is 10835297 prime?
False
Is 48601499 composite?
False
Is 12352765 composite?
True
Is 156836071 prime?
False
Is 4198241 prime?
False
Is 489448613 composite?
False
Is 6029997 a prime number?
False
Is 681799 prime?
False
Is 975731 a prime number?
True
Is 126250